 the remainder when 1874253 is divided by 563?
26
What is the remainder when 14366598 is divided by 232?
230
What is the remainder when 249262 is divided by 9169?
1699
What is the remainder when 65378 is divided by 920?
58
What is the remainder when 22968288 is divided by 45?
18
What is the remainder when 1444832 is divided by 53487?
683
Calculate the remainder when 2546629 is divided by 363800.
29
What is the remainder when 22888973 is divided by 25?
23
What is the remainder when 23399690 is divided by 2788?
6
What is the remainder when 150004 is divided by 229?
9
Calculate the remainder when 186587 is divided by 186564.
23
What is the remainder when 1181389 is divided by 212?
125
What is the remainder when 1564712 is divided by 996?
992
Calculate the remainder when 2222918 is divided by 67.
59
Calculate the remainder when 2242651 is divided by 62.
49
Calculate the remainder when 233468900 is divided by 42.
14
Calculate the remainder when 54879356 is divided by 16.
12
What is the remainder when 6056 is divided by 1911?
323
What is the remainder when 4087876 is divided by 49?
2
Calculate the remainder when 708330 is divided by 35410.
130
Calculate the remainder when 12717966 is divided by 135.
21
What is the remainder when 26548881 is divided by 7864?
17
What is the remainder when 8031782 is divided by 1147397?
3
What is the remainder when 44563 is divided by 974?
733
What is the remainder when 3952978 is divided by 213?
124
What is the remainder when 3625897 is divided by 5?
2
Calculate the remainder when 158437 is divided by 79119.
199
What is the remainder when 14720086 is divided by 92?
86
What is the remainder when 1584884 is divided by 528251?
131
What is the remainder when 34264133 is divided by 744872?
21
Calculate the remainder when 13385885 is divided by 380.
5
What is the remainder when 29703657 is divided by 788?
785
Calculate the remainder when 1014770 is divided by 92222.
328
Calculate the remainder when 28697677 is divided by 11.
8
Calculate the remainder when 5750404 is divided by 5910.
5884
What is the remainder when 727723 is divided by 42802?
89
Calculate the remainder when 219265 is divided by 10.
5
Calculate the remainder when 353251 is divided by 178.
99
What is the remainder when 560422 is divided by 91?
44
What is the remainder when 15112 is divided by 226?
196
What is the remainder when 103246 is divided by 276?
22
What is the remainder when 563018 is divided by 123?
47
What is the remainder when 4182055 is divided by 4220?
35
Calculate the remainder when 49332 is divided by 49330.
2
Calculate the remainder when 16554646 is divided by 1606.
1604
Calculate the remainder when 19471 is divided by 810.
31
What is the remainder when 154910 is divided by 1231?
1035
Calculate the remainder when 2552572 is divided by 145.
137
What is the remainder when 1764949 is divided by 96?
85
Calculate the remainder when 28608 is divided by 5.
3
Calculate the remainder when 9338169 is divided by 77818.
9
What is the remainder when 60889 is divided by 384?
217
Calculate the remainder when 259032 is divided by 2958.
1686
Calculate the remainder when 12521318 is divided by 9282.
9182
Calculate the remainder when 18751 is divided by 721.
5
Calculate the remainder when 1031816 is divided by 7019.
23
What is the remainder when 48384 is divided by 1642?
766
Calculate the remainder when 30073429 is divided by 1432.
1429
What is the remainder when 1312679 is divided by 14?
11
Calculate the remainder when 96237549 is divided by 2032.
2029
Calculate the remainder when 7790240 is divided by 462.
458
Calculate the remainder when 12369684 is divided by 120092.
208
What is the remainder when 2605133 is divided by 36?
29
Calculate the remainder when 3884448 is divided by 8992.
8896
What is the remainder when 8585 is divided by 238?
17
Calculate the remainder when 5450365 is divided by 3924.
3853
Calculate the remainder when 42177 is divided by 13607.
1356
What is the remainder when 2992430 is divided by 80?
30
What is the remainder when 304344 is divided by 16821?
1566
Calculate the remainder when 1258837 is divided by 629219.
399
What is the remainder when 1265151 is divided by 64?
63
What is the remainder when 482855 is divided by 216?
95
Calculate the remainder when 62320 is divided by 3126.
2926
What is the remainder when 97902285 is divided by 789?
9
Calculate the remainder when 72184438 is divided by 332.
2
Calculate the remainder when 538218 is divided by 537732.
486
Calculate the remainder when 10552020 is divided by 244.
240
What is the remainder when 448511 is divided by 448418?
93
What is the remainder when 53324915 is divided by 223?
40
What is the remainder when 22104400 is divided by 155?
5
Calculate the remainder when 48288 is divided by 5858.
1424
What is the remainder when 192711 is divided by 64226?
33
Calculate the remainder when 358106 is divided by 401.
13
Calculate the remainder when 938924 is divided by 12622.
4896
What is the remainder when 167417 is divided by 169?
107
Calculate the remainder when 1539097 is divided by 484.
461
Calculate the remainder when 548954 is divided by 278.
182
Calculate the remainder when 1513458 is divided by 1513164.
294
What is the remainder when 21551759 is divided by 185?
184
What is the remainder when 530015 is divided by 775?
690
What is the remainder when 48619762 is divided by 60?
22
What is the remainder when 7701921 is divided by 4887?
9
Calculate the remainder when 61835 is divided by 277.
64
Calculate the remainder when 359379 is divided by 1997.
1916
Calculate the remainder when 1769477 is divided by 49.
38
What is the remainder when 5272126 is divided by 266?
6
Calculate the remainder when 32758 is divided by 1004.
630
Calculate the remainder when 32037380 is divided by 312.
284
Calculate the remainder when 19124015 is divided by 3094.
1
What is the remainder when 1461845 is divided by 2249?
2244
What is the remainder when 11260 is divided by 11118?
142
What is the remainder when 48422563 is divided by 8013?
4
Calculate the remainder when 11554417 is divided by 30.
7
Calculate the remainder when 117012410 is divided by 4867.
4863
What is the remainder when 54140 is divided by 53269?
871
Calculate the remainder when 23700374 is divided by 464713.
11
What is the remainder when 307362 is divided by 25605?
102
What is the remainder when 78456 is divided by 1116?
336
Calculate the remainder when 20366865 is divided by 218.
215
What is the remainder when 106036 is divided by 53015?
6
What is the remainder when 129280533 is divided by 72?
69
What is the remainder when 81102100 is divided by 1021?
1007
Calculate the remainder when 34461322 is divided by 930.
172
Calculate the remainder when 1339148 is divided by 1339145.
3
Calculate the remainder when 14614502 is divided by 907.
11
What is the remainder when 18098078 is divided by 3787?
5
Calculate the remainder when 72763 is divided by 5343.
3304
What is the remainder when 3560593 is divided by 5895?
13
Calculate the remainder when 1664158 is divided by 30254.
188
What is the remainder when 2059201 is divided by 6240?
1
Calculate the remainder when 124493858 is divided by 9.
8
What is the remainder when 76244801 is divided by 1501?
5
Calculate the remainder when 24028 is divided by 5676.
1324
Calculate the remainder when 77570112 is divided by 1684.
20
Calculate the remainder when 14701162 is divided by 138.
22
Calculate the remainder when 2167465 is divided by 39408.
25
Calculate the remainder when 975833 is divided by 34817.
957
Calculate the remainder when 14268513 is divided by 3407.
3404
Calculate the remainder when 43840600 is divided by 2313.
2311
Calculate the remainder when 246909 is divided by 246895.
14
What is the remainder when 164173784 is divided by 54724592?
8
Calculate the remainder when 93315997 is divided by 6560.
6557
What is the remainder when 980836 is divided by 934?
136
What is the remainder when 250585 is divided by 2110?
1605
Calculate the remainder when 1747621 is divided by 1747616.
5
What is the remainder when 9889417 is divided by 167?
11
Calculate the remainder when 10549354 is divided by 10476.
22
Calculate the remainder when 2766584 is divided by 3017.
3012
What is the remainder when 273315 is divided by 1364